{"id":27,"date":"2015-10-22T11:16:28","date_gmt":"2015-10-22T10:16:28","guid":{"rendered":"http:\/\/smskontakt.webspace.pk62.com\/pk62\/?page_id=27"},"modified":"2016-04-21T11:57:16","modified_gmt":"2016-04-21T10:57:16","slug":"kontakty","status":"publish","type":"page","link":"https:\/\/pk62.cz\/?page_id=27","title":{"rendered":"Kontakty"},"content":{"rendered":"<p><strong>Kontaktn\u00ed a provozn\u00ed informace<\/strong><\/p>\n<p>Spole\u010dnost: <strong>PK 62, a.s.<\/strong><\/p>\n<p>Medi\u00e1ln\u00ed skupina: <strong>LEO TV MEDIA<\/strong><\/p>\n<p>S\u00eddlo spole\u010dnosti: Bohdaleck\u00e1 1420\/6, 101 00 Praha 10, \u010cesk\u00e1 republika<\/p>\n<p>Sekretari\u00e1t vydavatelstv\u00ed: +420 281 090 601, fax: +420 281 090 622<\/p>\n<p>Obchodn\u00ed odd\u011blen\u00ed \/ INZERCE: +420 281 090 608, +420 281 090 612, +420 281 090 739<\/p>\n<p><a href=\"mailto:leotvmedia@pk62\">leotvmedia@pk62<\/a><br \/>\n<a href=\"mailto:reklama@leotv.cz\">reklama@leotv.cz<\/a><br \/>\n<a href=\"mailto:leotv@leotv.cz\">leotv@leotv.cz<\/a><\/p>\n<p><strong>Ostatn\u00ed kontakty<\/strong><br \/>\nLinka pro div\u00e1ky: +420 281 000 769<br \/>\nInternetov\u00e9 odd\u011blen\u00ed: +420 274 774 079<br \/>\nOdd\u011blen\u00ed v\u00fdroby film\u016f a DVD: +420 281 000 769<br \/>\nTechnick\u00e9 odd\u011blen\u00ed: +420 281 000 765<\/p>\n<p><a href=\"http:\/\/www.pk62.cz\" target=\"_blank\">www.pk62.cz<\/a><br \/>\n<a href=\"http:\/\/www.leotv.cz\" target=\"_blank\">www.leotv.cz<\/a><br \/>\n<a href=\"http:\/\/www.extasy.tv\" target=\"_blank\">www.extasy.tv<\/a><\/p>\n<p>Spole\u010dnost je zaps\u00e1na v obchodn\u00edm rejst\u0159\u00edku, veden\u00fdm M\u011bstsk\u00fdm soudem v Praze, odd\u00edl B, vlo\u017eka 6842.<\/p>\n<p><span style=\"color: #000000;\">I\u010cO: 26211416<\/span><\/p>\n<p><span style=\"color: #000000;\">DI\u010c: CZ26211416<\/span><\/p>\n<p><strong><span style=\"color: #000000;\">Provozn\u00ed informace<\/span><\/strong><\/p>\n<p><span style=\"color: #000000;\">Spole\u010dnost PK 62, a.s. se s\u00eddlem Bohdaleck\u00e1 1420\/6, 101 00 Praha 10, je provozovatelem televizn\u00edho vys\u00edl\u00e1n\u00ed programu LEO TV a poskytovatelem audiovizu\u00e1ln\u00ed medi\u00e1ln\u00ed slu\u017eby na vy\u017e\u00e1d\u00e1n\u00ed.<\/span><\/p>\n<p><strong><span style=\"color: #000000;\">Informace o org\u00e1nu dohledu<\/span><\/strong><\/p>\n<p>Org\u00e1nem dohledu nad provozov\u00e1n\u00edm televizn\u00edho vys\u00edl\u00e1n\u00ed a poskytov\u00e1n\u00edm audiovizu\u00e1ln\u00edch medi\u00e1ln\u00edch slu\u017eeb na vy\u017e\u00e1d\u00e1n\u00ed je Rada pro rozhlasov\u00e9 a televizn\u00ed vys\u00edl\u00e1n\u00ed, \u0160kr\u00e9tova 44\/6, 120 00 Praha 2.<\/p>\n","protected":false},"excerpt":{"rendered":"<p>Kontaktn\u00ed a provozn\u00ed informace Spole\u010dnost: PK 62, a.s. Medi\u00e1ln\u00ed skupina: LEO TV MEDIA S\u00eddlo spole\u010dnosti: Bohdaleck\u00e1 1420\/6, 101 00 Praha 10, \u010cesk\u00e1 republika Sekretari\u00e1t vydavatelstv\u00ed: +420 281 090 601, fax: +420 281 090 622 Obchodn\u00ed odd\u011blen\u00ed \/ INZERCE: +420 281 090 608, +420 281 090 612, +420 281 090 739 leotvmedia@pk62 reklama@leotv.cz leotv@leotv.cz Ostatn\u00ed kontakty [&hellip;]<\/p>\n","protected":false},"author":2,"featured_media":0,"parent":0,"menu_order":0,"comment_status":"open","ping_status":"open","template":"","meta":[],"_links":{"self":[{"href":"https:\/\/pk62.cz\/index.php?rest_route=\/wp\/v2\/pages\/27"}],"collection":[{"href":"https:\/\/pk62.cz\/index.php?rest_route=\/wp\/v2\/pages"}],"about":[{"href":"https:\/\/pk62.cz\/index.php?rest_route=\/wp\/v2\/types\/page"}],"author":[{"embeddable":true,"href":"https:\/\/pk62.cz\/index.php?rest_route=\/wp\/v2\/users\/2"}],"replies":[{"embeddable":true,"href":"https:\/\/pk62.cz\/index.php?rest_route=%2Fwp%2Fv2%2Fcomments&post=27"}],"version-history":[{"count":21,"href":"https:\/\/pk62.cz\/index.php?rest_route=\/wp\/v2\/pages\/27\/revisions"}],"predecessor-version":[{"id":537,"href":"https:\/\/pk62.cz\/index.php?rest_route=\/wp\/v2\/pages\/27\/revisions\/537"}],"wp:attachment":[{"href":"https:\/\/pk62.cz\/index.php?rest_route=%2Fwp%2Fv2%2Fmedia&parent=27"}],"curies":[{"name":"wp","href":"https:\/\/api.w.org\/{rel}","templated":true}]}}