{"id":23,"date":"2015-10-22T11:14:29","date_gmt":"2015-10-22T10:14:29","guid":{"rendered":"http:\/\/smskontakt.webspace.pk62.com\/pk62\/?page_id=23"},"modified":"2018-01-24T10:21:00","modified_gmt":"2018-01-24T09:21:00","slug":"inzerujte-u-nas","status":"publish","type":"page","link":"https:\/\/pk62.cz\/?page_id=23","title":{"rendered":"Inzerce"},"content":{"rendered":"<p style=\"text-align: center;\"><strong>Pro inzerenty a zadavatele reklamy<\/strong><\/p>\n<p style=\"text-align: center;\">R\u00e1di byste vyu\u017eili reklamn\u00edch a inzertn\u00edch mo\u017enost\u00ed sledovan\u00e9ho reklamn\u00edho prostoru skupiny LEO TV MEDIA?<br \/>\nPodnik\u00e1te a p\u0159em\u00fd\u0161l\u00edte, jak nejl\u00e9pe inzerovat nab\u00eddku sv\u00fdch produkt\u016f a slu\u017eeb.<br \/>\nVlastn\u00edte prostory ur\u010den\u00e9 ke komer\u010dn\u00edmu vyu\u017eit\u00ed a nev\u00edte jak o nich d\u00e1t v\u011bd\u011bt.<br \/>\nPopt\u00e1v\u00e1te nov\u00fd person\u00e1l pro Va\u0161e aktivity.<br \/>\nNab\u00edz\u00edte mo\u017enosti sezn\u00e1men\u00ed, kontakt\u016f, emotivn\u011b pro\u017eit\u00e9ho voln\u00e9ho \u010dasu, relaxace \u010di realizace aktivit s lidmi spole\u010dn\u00e9ho zam\u011b\u0159en\u00ed a z\u00e1jm\u016f.<br \/>\nHled\u00e1te podobn\u011b zam\u011b\u0159en\u00e9 skupiny \u010di jedince.<\/p>\n<p style=\"text-align: center;\"><strong>LEO TV MEDIA \u2013 NEJV\u011aT\u0160\u00cd PRODUCENT Z\u00c1BAVY PRO DOSP\u011aL\u00c9 NEJEN V \u010cR<\/strong><\/p>\n<p><strong>\u00davodem<\/strong><\/p>\n<p>Provozovatelem LEO TV a ostatn\u00edch medi\u00e1ln\u00edch projekt\u016f skupiny \u2013 nap\u0159. v oblasti internetu, ti\u0161t\u011bn\u00fdch magaz\u00edn\u016f, DVD nosi\u010d\u016f, anebo obsahu a aplikac\u00ed pro \u201echytr\u00e1\u201c mobiln\u00ed komunika\u010dn\u00ed za\u0159\u00edzen\u00ed \u2013 je spole\u010dnost PK 62, a.s., kter\u00e1 ji\u017e mnoho let pat\u0159\u00ed k nejv\u011bt\u0161\u00edm producent\u016fm z\u00e1bavy pro dosp\u011bl\u00e9 a to nejen v \u010cesk\u00e9 republice, ale i na Slovensku a v dal\u0161\u00edch zem\u00edch st\u0159edn\u00ed a v\u00fdchodn\u00ed Evropy p\u0159es Rakousko, Ma\u010farsko a Polsko a\u017e kup\u0159\u00edkladu po Norsko.<\/p>\n<p><strong>Inzerce a reklama<\/strong><\/p>\n<p>LEO TV a ostatn\u00ed MEDIA skupiny jsou unik\u00e1tn\u00edm a v\u00fdkonn\u00fdm nosi\u010dem inzertn\u00edch a reklamn\u00edch sd\u011blen\u00ed. V mnoha atraktivn\u00edch form\u00e1tech a v koncep\u010dn\u011b promy\u0161len\u00e9m modelu nasazen\u00ed vyu\u017e\u00edvaj\u00ed velmi nav\u0161t\u011bvovan\u00fd medi\u00e1ln\u00ed prostor se siln\u00fdm potenci\u00e1lem.<\/p>\n<p>Vzhledem k velmi rozvinut\u00fdm schopnostem a \u00fa\u010dinnosti v propagaci Brandu \u2013 obchodn\u00ed zna\u010dky, tzn. zviditeln\u011bn\u00ed projektu inzerent\u016f v r\u00e1mci skupiny LEO TV MEDIA, doch\u00e1z\u00ed k n\u00e1r\u016fstu \u00fasp\u011b\u0161nosti i v\u0161ech jejich ostatn\u00edch inzerc\u00ed mimo skupinu.<\/p>\n<p>V r\u00e1mci reklamn\u00edch kampan\u00ed je v\u00fdkonnost a efektivita n\u00e1sobena sou\u010dasn\u00fdm pou\u017eit\u00edm v\u00edce mediatyp\u016f skupiny LEO TV MEDIA. \u00da\u010dinnost reklamy se t\u00edm n\u011bkolikan\u00e1sobn\u011b zvy\u0161uje.<br \/>\n<strong>LEO TV MEDIA v pou\u017eit\u00e9m modelu nemaj\u00ed v \u010cR konkurenci.<\/strong><br \/>\nKlient\u016fm poskytujeme komplexn\u00ed \u010di d\u00edl\u010d\u00ed slu\u017eby medi\u00e1ln\u00ed agentury, od n\u00e1vrh\u016f a\u017e po \u00faplnou realizaci kampan\u011b, co\u017e v kone\u010dn\u00e9m v\u00fdstupu p\u0159edstavuje zpracov\u00e1n\u00ed reklamn\u00edch sd\u011blen\u00ed, novin\u00e1\u0159skou i marketingovou podporu a pr\u016fb\u011b\u017en\u00fd proklientsk\u00fd servis v\u010detn\u011b speci\u00e1ln\u00edch bonusov\u00fdch zv\u00fdhodn\u011bn\u00ed a mno\u017estevn\u00edch slev.<\/p>\n<p><strong>M\u00e1me pro V\u00e1s \u0159e\u0161en\u00ed!<\/strong><\/p>\n<p>ABY SE VA\u0160E REKLAMA DOSTALA KE SPR\u00c1VN\u00ddM LIDEM<\/p>\n<p>Vyu\u017eijte nab\u00eddku exkluzivn\u00ed reklamy v atraktivn\u00edch a revolu\u010dn\u00edch projektech, nav\u00edc v modelu, kter\u00fd nem\u00e1 p\u0159\u00edmou konkurenci, rovn\u011b\u017e i za mimo\u0159\u00e1dn\u00fdch podm\u00ednek a bezkonkuren\u010dn\u00edho pom\u011bru cena\/v\u00fdkon.<\/p>\n<p>Vyberte si z na\u0161ich m\u00e9di\u00ed a form\u00e1t\u016f, ty kter\u00e9 nejl\u00e9pe vyhovuj\u00ed Va\u0161emu obchodn\u00edmu \u010di marketingov\u00e9mu z\u00e1m\u011bru, anebo si od n\u00e1s nechte poradit a vyu\u017eijte pro Va\u0161i kampa\u0148 mo\u017enost maxim\u00e1ln\u00edho z\u00e1b\u011bru za unik\u00e1tn\u00edch podm\u00ednek v modelu spole\u010dn\u00e9ho nasazen\u00ed v\u0161ech hlavn\u00edch mediatyp\u016f \u2013 TELEVIZE \/ INTERNETU \/ TI\u0160T\u011aN\u00ddCH MAGAZ\u00cdN\u016e aj.<\/p>\n<p>Reklamn\u00ed sd\u011blen\u00ed v na\u0161ich m\u00e9di\u00edch u\u017eivatel\u00e9 skute\u010dn\u011b sleduj\u00ed!<\/p>\n<div id=\"tabsaside\">\n<div id=\"tabsaside_inner\">\n<p><strong>Inzerujte u n\u00e1s<\/strong><\/p>\n<p>Chcete-li um\u00edstit Va\u0161i reklamu do na\u0161ich m\u00e9di\u00ed \u2013 televize, \u010dasopis\u016f \u010di na na\u0161e internetov\u00e9 str\u00e1nky a dal\u0161\u00edch, nev\u00e1hejte a kontaktujte Obchodn\u00ed odd\u011blen\u00ed PK62, a.s.<\/p>\n<p>Tel.: +420 281 090 608<\/p>\n<p>E-mail:\u00a0<a href=\"leotvmedia@pk62.cz\" target=\"_blank\">leotvmedia@pk62.cz<\/a><\/p>\n<p>E-mail: <a href=\"mailto:reklama@leotv.cz\">reklama@leotv.cz<\/a><\/p>\n<\/div>\n<\/div>\n<p>&nbsp;<\/p>\n","protected":false},"excerpt":{"rendered":"<p>Pro inzerenty a zadavatele reklamy R\u00e1di byste vyu\u017eili reklamn\u00edch a inzertn\u00edch mo\u017enost\u00ed sledovan\u00e9ho reklamn\u00edho prostoru skupiny LEO TV MEDIA? Podnik\u00e1te a p\u0159em\u00fd\u0161l\u00edte, jak nejl\u00e9pe inzerovat nab\u00eddku sv\u00fdch produkt\u016f a slu\u017eeb. Vlastn\u00edte prostory ur\u010den\u00e9 ke komer\u010dn\u00edmu vyu\u017eit\u00ed a nev\u00edte jak o nich d\u00e1t v\u011bd\u011bt. Popt\u00e1v\u00e1te nov\u00fd person\u00e1l pro Va\u0161e aktivity. Nab\u00edz\u00edte mo\u017enosti sezn\u00e1men\u00ed, kontakt\u016f, emotivn\u011b pro\u017eit\u00e9ho [&hellip;]<\/p>\n","protected":false},"author":2,"featured_media":0,"parent":0,"menu_order":0,"comment_status":"open","ping_status":"closed","template":"","meta":[],"_links":{"self":[{"href":"https:\/\/pk62.cz\/index.php?rest_route=\/wp\/v2\/pages\/23"}],"collection":[{"href":"https:\/\/pk62.cz\/index.php?rest_route=\/wp\/v2\/pages"}],"about":[{"href":"https:\/\/pk62.cz\/index.php?rest_route=\/wp\/v2\/types\/page"}],"author":[{"embeddable":true,"href":"https:\/\/pk62.cz\/index.php?rest_route=\/wp\/v2\/users\/2"}],"replies":[{"embeddable":true,"href":"https:\/\/pk62.cz\/index.php?rest_route=%2Fwp%2Fv2%2Fcomments&post=23"}],"version-history":[{"count":10,"href":"https:\/\/pk62.cz\/index.php?rest_route=\/wp\/v2\/pages\/23\/revisions"}],"predecessor-version":[{"id":4259,"href":"https:\/\/pk62.cz\/index.php?rest_route=\/wp\/v2\/pages\/23\/revisions\/4259"}],"wp:attachment":[{"href":"https:\/\/pk62.cz\/index.php?rest_route=%2Fwp%2Fv2%2Fmedia&parent=23"}],"curies":[{"name":"wp","href":"https:\/\/api.w.org\/{rel}","templated":true}]}}